lculate n(-6).
-33
Let a(f) = -2*f + 97. Calculate a(-9).
115
Let c(w) = 3*w**2 - 79*w - 814. Determine c(34).
-32
Let c(l) = -74*l - 2799. Calculate c(-39).
87
Let f(y) = -y**3 - 35*y**2 + 2888*y + 156. Calculate f(-74).
8
Let w(r) = -408*r - 1662. What is w(-4)?
-30
Let f(o) = o**3 - 25*o**2 - 48*o - 34. What is f(27)?
128
Let z(h) = 8*h + 73. Calculate z(-20).
-87
Let s(c) = 19*c - 104. What is s(7)?
29
Let p(d) = -d**3 + 34*d**2 - 35*d + 85. What is p(33)?
19
Let p(c) = 79*c - 9146. Determine p(116).
18
Let s(b) = b**3 + 45*b**2 - 218*b - 1080. Determine s(-49).
-2
Let s(n) = 25*n**2 - 1556*n - 1202. Give s(63).
-5
Let p(m) = -m**3 - 36*m**2 + 23*m - 2017. Give p(-38).
-3
Let a(i) = -12*i**2 + 1419*i - 348. Calculate a(118).
6
Let g(b) = 746*b + 22. Determine g(0).
22
Let r(n) = -n**3 + 13*n**2 + 2*n + 15. What is r(10)?
335
Let t(b) = -10*b**3 + 8*b + 4. What is t(-3)?
250
Let n(j) = 44*j**3 - 2*j**2 - 4*j. What is n(-1)?
-42
Let u(m) = 2*m**2 - 6*m - 13. Calculate u(-7).
127
Let s(o) = -o**3 + 8*o**2 + 37*o + 4. Calculate s(11).
48
Let h(l) = 50*l**2 + 240*l + 177. Determine h(-4).
17
Let w(m) = -4*m**2 - 3*m + 275. Give w(8).
-5
Let r(f) = -4*f**3 + 45*f**2 - 14*f + 23. Determine r(11).
-10
Let q(j) = j**3 - 10*j**2 - 97*j + 929. Give q(9).
-25
Let q(g) = 70*g**2 + 139*g + 4. Calculate q(-2).
6
Let x(y) = y**3 + 19*y**2 - 68*y - 42. What is x(-22)?
2
Let g(n) = 2*n**3 - 9*n - 58. Determine g(4).
34
Let x(u) = 4*u**3 - 348*u**2 + 21*u - 1822. Give x(87).
5
Let n(t) = -2*t**2 + 55*t - 154. Give n(25).
-29
Let n(q) = -30*q**3 + 14*q**2 + 34*q. Calculate n(-2).
228
Let j(g) = -g**3 + 9*g**2 - 43*g + 266. Calculate j(8).
-14
Let u(p) = -p**3 + 6*p**2 + 71*p + 262. Determine u(13).
2
Let w(z) = 3*z**2 - 11*z + 34. Give w(3).
28
Let t(d) = 2*d**3 + 48*d**2 + 274*d - 9. Determine t(-13).
147
Let m(l) = l**3 + 8*l**2 + 356*l + 2068. What is m(-6)?
4
Let d(x) = -1949*x + 11703. Determine d(6).
9
Let z(w) = -59*w - 280. Calculate z(-4).
-44
Let o(z) = 5*z**3 - z**2 - 11*z - 20. Determine o(-3).
-131
Let v(u) = u**2 - 69*u + 1055. Calculate v(23).
-3
Let d(h) = 1087*h - 22866. What is d(21)?
-39
Let p(f) = -33*f - 737. Give p(-22).
-11
Let z(o) = -o**3 + 139*o**2 + 567*o + 733. Calculate z(143).
18
Let z(y) = 4*y**3 + 241*y**2 + 736*y - 272. Give z(-57).
13
Let k(o) = 417*o - 50036. Calculate k(120).
4
Let i(n) = -2*n**2 + 53*n - 268. What is i(7)?
5
Let q(n) = -55*n - 789. Calculate q(-13).
-74
Let s(a) = 2286*a + 25153. Give s(-11).
7
Let q(h) = -h**3 + 15*h**2 - 54*h + 755. Calculate q(15).
-55
Let p(d) = -d**3 + 2*d**2 + 30*d + 147. Determine p(8).
3
Let i(j) = -18*j + 801. What is i(47)?
-45
Let u(d) = -2*d**3 + 9*d**2 - 4*d - 30. Determine u(5).
-75
Let y(j) = j**3 + 30*j**2 - 36. Determine y(-30).
-36
Let m(h) = 38*h**2 - 132*h + 103. What is m(2)?
-9
Let h(m) = 202*m - 1843. What is h(9)?
-25
Let l(k) = -2*k**2 - 88*k + 267. Give l(3).
-15
Let n(b) = 48*b**2 - 394*b - 1. Calculate n(8).
-81
Let i(m) = -21*m**2 - 5*m + 4. Determine i(1).
-22
Let r(j) = -2*j**2 + 672*j - 56118. Give r(155).
-8
Let u(o) = 16*o**2 - 226*o + 668. Determine u(10).
8
Let b(l) = -37*l**2 - 135*l + 737. Determine b(3).
-1
Let s(d) = d**2 + 36*d + 35. Determine s(-32).
-93
Let g(c) = -188*c + 1328. Calculate g(7).
12
Let v(z) = 8*z**3 + 19*z**2 + 24*z - 18. Determine v(-2).
-54
Let p(j) = -j**2 + 36*j + 22775. What is p(170)?
-5
Let j(q) = 2*q**3 + 11*q**2 - 19*q + 4. Calculate j(-6).
82
Let j(x) = x**3 - 43*x**2 + 124*x - 149. Give j(40).
11
Let o(p) = -46*p**3 + 369*p**2 + p - 18. Determine o(8).
54
Let v(g) = -g**3 - 6*g**2 - 28*g - 166. Calculate v(-6).
2
Let j(b) = b**3 + 20*b**2 + 125*b + 130. Give j(-9).
-104
Let c(w) = 11*w**2 + 3*w - 57. What is c(0)?
-57
Let s(p) = 5*p**2 - 115*p - 131. What is s(24)?
-11
Let a(z) = -25*z + 44. Calculate a(1).
19
Let j(d) = 16*d + 340. Give j(-45).
-380
Let q(m) = m**3 + 6*m**2 - 31*m - 116. Calculate q(-3).
4
Let w(o) = -4*o**3 - 4*o**2 + 16*o + 22. Calculate w(-1).
6
Let i(k) = -k**3 - 9*k**2 + 50*k - 6. Determine i(7).
-440
Let p(c) = c**2 + 16*c + 4. What is p(0)?
4
Let j(h) = -h**3 + 46*h**2 - 2*h + 203. Give j(46).
111
Let k(d) = -71*d - 4281. Determine k(-60).
-21
Let g(s) = -s**2 - 356*s + 2125. Give g(6).
-47
Let k(n) = n**3 - 4*n**2 + n - 1. Give k(2).
-7
Let c(l) = -46*l**2 + 404*l + 60. Calculate c(9).
-30
Let j(m) = -63*m + 38. Give j(2).
-88
Let h(l) = -3*l - 6. Calculate h(11).
-39
Let q(p) = 206*p + 1365. Determine q(-7).
-77
Let k(t) = -269*t + 1864. Give k(7).
-19
Let x(s) = -21*s**2 + 2*s + 370. Determine x(0).
370
Let t(i) = 3*i**2 - 75*i + 221. What is t(23)?
83
Let a(d) = 362*d + 338. What is a(-1)?
-24
Let s(m) = 99*m + 6446. Determine s(-65).
11
Let h(d) = d**2 - 61*d - 127. Determine h(61).
-127
Let d(y) = -3136*y - 18856. Calculate d(-6).
-40
Let y(x) = -x**3 - 4*x**2 - 7*x - 4. Give y(-6).
110
Let n(c) = -c**2 - 40*c + 2218. Determine n(-70).
118
Let v(f) = -52*f - 1320. What is v(-23)?
-124
Let u(p) = -2*p**2 + 31*p - 59. Determine u(14).
-17
Let t(w) = -w**3 - 22*w**2 - 40*w - 105. Give t(-21).
294
Let n(t) = -2*t**2 - 21*t - 1. Calculate n(-12).
-37
Let k(b) = -61*b + 931. What is k(14)?
77
Let r(x) = -x**2 - 16*x + 133. What is r(-22)?
1
Let k(l) = 150*l + 2258. What is k(-15)?
8
Let w(x) = x**3 + 21*x**2 + 26*x - 39. Give w(-20).
-159
Let p(h) = -38*h + 4971. Give p(131).
-7
Let s(k) = 26*k + 639. Give s(-24).
15
Let w(n) = 13*n - 63. Calculate w(1).
-50
Let i(q) = -q**2 + 35*q - 133. Determine i(4).
-9
Let q(m) = 2*m**2 + 150*m - 9829. What is q(42)?
-1
Let y(d) = d**2 + 21*d - 279. Give y(-19).
-317
Let w(i) = 3*i**3 - 35*i**2 + 100*i + 2. Determine w(5).
2
Let g(x) = -x**3 - 139*x**2 + 570*x - 280. Determine g(-143).
6
Let h(b) = -30*b**3 - 3*b**2 - 22*b + 24. Determine h(1).
-31
Let r(o) = o**2 - o - 74. Determine r(19).
268
Let m(t) = -2*t**3 - t**2 + 13*t - 9. What is m(3)?
-33
Let u(p) = 235*p - 217. What is u(1)?
18
Let k(j) = 29*j**2 - 8*j - 1. What is k(1)?
20
Let u(o) = -o**2 + 17*o - 7. What is u(6)?
59
Let s(x) = x**3 - 35*x**2 - 32*x + 116. What is s(36)?
260
Let m(t) = t**3 + 7*t - 15. Calculate m(-4).
-107
Let i(d) = -37*d + 209. Give i(5).
24
Let l(w) = 2*w**2 + 23*w + 80. What is l(-5)?
15
Let i(r) = -r**3 - 12*r**2 - 24*r - 66. Determine i(-11).
77
Let x(j) = 96*j - 2201. Give x(23).
7
Let b(l) = 1039*l - 7260. Calculate b(7).
13
Let l(t) = -178*t - 159. Calculate l(-1).
19
Let p(s) = 4*s**2 - 34*s + 80. Calculate p(7).
38
Let n(m) = -m**2 + 52*m - 257. What is n(7)?
58
Let p(o) = 35*o + 1747. Calculate p(-61).
-388
Let t(c) = -11*c - 164. What is t(-10)?
-54
Let r(y) = -y**2 + 17*y + 51. Give r(-3).
-9
Let v(y) = -20*y - 2248. Give v(-113).
12
Let q(c) = -34*c + 115. Calculate q(4).
-21
Let z(s) = -6*s**2 + 25*s + 3. Calculate z(5).
-22
Let q(o) = -3*o**3 + 45*o**2 + 17*o - 262. What is q(15)?
-7
Let l(n) = -3*n**2 - 74*n - 313. Determine l(-5).
-18
Let t(m) = 2*m**3 + 49*m**2 - 62*m + 133. What is t(-26)?
-283
Let q(m) = -2*m - 218. Give q(3).
-224
Let w(y) = -5*y + 104. Determine w(6).
74
Let u(k) = 2*k**2 - 25*k - 82. Give u(15).
-7
Let v(j) = -10*j**2 - 607*j + 163. What is v(-61)?
-20
Let z(i) = 7*i**3 + 2*i**2 - 3*i + 4. Give z(2).
62
Let i(m) = 26*m - 804. Determine i(32).
28
Let w(p) = p**3 - 33*p**2 + 275*p - 120. Determine w(14).
6
Let t(w) = 76*w + 8410. Calculate t(-110).
50
Let j(r) = -3*r**2 - 251*r - 3770. Determine j(-64).
6
Let a(t) = 233*t + 2072. Determine a(-9).
-25
Let x(p) = -29*p - 250. Give x(-16).
214
Let w(z) = 1129*z - 4467. Determine w(4).
49
Let w(g) = -6*g**2 - 179*g + 378. What is w(2)?
-4
Let u(n) = 134*n + 2914. Determine u(-21).
100
Let r(d) = d**3 + 12*d**2 - 48*d + 21. What is r(7)?
616
Let d(n) = 4*n**2 + 111*n + 44. What is d(-28)?
72
Let a(d) = -129*d - 6050. Determine a(-47).
13
Let h(j) = 2*j**2 - 205*j - 1058. Determine h(-5).
17
Let p(z) = -z**3 + 19*z**2 - 9*z - 10. Give p(19).
-181
Let f(h) = 4*h**3 + 17*h**2 - 12*h - 10. Calculate f(-5).
-25
Let x(i) = -i**2 - 6*i + 94. Give x(-13).
3
Let y(u) = -2*u**2 + 2932*u + 17613. Determine y(-6).
-51
Let i(x) = -x**2 + 16*x - 32. Calculate i(6).
28
Let x(y) = 365*y + 15693. Calculate x(-43).
-2
Let m(c) = 4*c**2 + 39*c + 47. What is m(-8)?
-9
Let m(f) = 789*f - 7097. Calculate m(9)